onvert 414572 (base 14) to base 16.
2198a8
Convert 98127 (base 11) to base 6.
3020011
-311928 (base 15) to base 4
-20321313230
What is 143524563 (base 7) in base 8?
44177323
-6a4019 (base 12) to base 8
-6406425
What is 64123232 (base 7) in base 12?
19a1045
87209 (base 10) to base 4
111102221
Convert 52252 (base 11) to base 3.
10212110222
-77760 (base 8) to base 3
-1122221001
Convert -13043420 (base 5) to base 14.
-348db
727640 (base 14) to base 9
7235645
What is -1002000022022 (base 3) in base 4?
-2023122113
Convert -872da (base 16) to base 7.
-4464154
What is 7518cd (base 15) in base 9?
11435224
-26a4 (base 14) to base 9
-10304
Convert 414333231 (base 5) to base 11.
a71404
Convert 3a06 (base 12) to base 3.
100002120
What is -24375200 (base 8) in base 15?
-711ce9
What is 1145536 (base 8) in base 2?
1001100101101011110
-122143401 (base 5) to base 2
-10001110101000100010
What is -5156065 (base 8) in base 13?
-38b340
Convert -13451b7 (base 12) to base 4.
-32211223123
What is -1c1b7 (base 15) in base 2?
-10110010110000010
49612 (base 16) to base 15
5e0c7
9ebfc (base 16) to base 3
1020000221211
What is 2122504 (base 6) in base 10?
104296
What is -205a57 (base 13) in base 5?
-143132313
What is -e84a (base 16) in base 13?
-210b4
What is 101010010011011010 (base 2) in base 15?
36519
Convert -211102221 (base 3) to base 16.
-3fe8
Convert -120a416 (base 11) to base 15.
-2b9684
-2521202 (base 6) to base 4
-200332202
What is -58489 (base 11) in base 4?
-110213102
What is 1132013033 (base 4) in base 13?
1065cb
-467666 (base 8) to base 13
-578a4
Convert 34310122 (base 5) to base 6.
10324520
Convert 30330525 (base 6) to base 10.
867221
196372a (base 11) to base 7
40111021
What is -24204241 (base 6) in base 2?
-10111010010010000001
What is 15a967 (base 16) in base 3?
2200010100122
-1111110011110000101 (base 2) to base 10
-518021
What is 25a360 (base 13) in base 10?
907946
112102131201 (base 4) to base 5
2443432120
Convert 102022202 (base 3) to base 14.
3019
Convert -3433335 (base 6) to base 16.
-2ae7b
-101121101111 (base 3) to base 6
-4250321
What is -11010011011110100 (base 2) in base 11?
-74393
Convert 110100100111110001110 (base 2) to base 15.
240d87
169a98 (base 11) to base 12
107895
15895c7 (base 13) to base 3
111001012122212
What is 123353 (base 6) in base 3?
120022020
What is -3121512 (base 7) in base 2?
-1011011100101110001
What is 37512 (base 11) in base 4?
31021202
Convert -3a2623 (base 12) to base 3.
-1210200102000
1db9 (base 16) to base 9
11384
What is 111200210022022 (base 3) in base 14?
d76772
Convert -41355 (base 13) to base 11.
-7aa10
What is -1122002002 (base 3) in base 8?
-76604
Convert 172723 (base 9) to base 11.
73453
3020240 (base 6) to base 8
426500
1111001010011000110 (base 2) to base 8
1712306
-497348 (base 11) to base 7
-6451454
Convert 17dd8 (base 16) to base 5.
11112002
What is -3525567 (base 8) in base 3?
-1210211210101
What is 212210313020 (base 4) in base 12?
3478148
Convert -3ac78 (base 15) to base 14.
-4c95c
Convert 1101042 (base 5) to base 7.
106044
What is -87443 (base 10) in base 7?
-512636
Convert -20022010112002 (base 3) to base 14.
-632513
What is 10244033 (base 5) in base 8?
252541
What is -2665001 (base 7) in base 8?
-1260006
-3041211 (base 5) to base 15
-ea3b
2232331023 (base 4) to base 9
1312013
Convert -519248 (base 11) to base 5.
-203112134
Convert -230dad (base 15) to base 6.
-55512401
Convert 1a5a8 (base 15) to base 5.
10220113
Convert -1dde27 (base 16) to base 13.
-536c45
What is 524544251 (base 6) in base 14?
1312da7
Convert -1202200111120 (base 3) to base 16.
-e525d
What is 1062743 (base 10) in base 8?
4033527
Convert -152a18 (base 12) to base 8.
-1272064
1100010111111100 (base 2) to base 3
2120112012
Convert -11101101111111110 (base 2) to base 4.
-131233332
Convert -1044045 (base 6) to base 5.
-3141413
28067 (base 14) to base 6
2041431
b4549 (base 14) to base 15
88b82
Convert -20022022112 (base 3) to base 15.
-26bc5
-10230230 (base 5) to base 11
-59939
Convert -10100100010000100100 (base 2) to base 10.
-672804
-a91da0 (base 16) to base 8
-52216640
What is -10000001101101100001 (base 2) in base 13?
-157aa0
Convert -535c4 (base 14) to base 13.
-70913
What is -31722361 (base 8) in base 2?
-11001111010010011110001
Convert -b414e8 (base 16) to base 14.
-17d2d60
Convert -110120100331 (base 4) to base 6.
-310300421
30925 (base 12) to base 8
174055
3dc9d (base 16) to base 6
5231405
123432343 (base 6) to base 8
11154647
What is 88448 (base 9) in base 15?
125c8
Convert -102111 (base 12) to base 6.
-5224421
What is -5625503 (base 9) in base 15?
-3ec5b9
-3274354 (base 9) to base 8
-6560424
What is 100003030031 (base 4) in base 2?
10000000011001100001101
1155ca7 (base 13) to base 14
9d5289
Convert 46442 (base 11) to base 15.
14d20
Convert -10100110001101110010000 (base 2) to base 8.
-24615620
Convert -23168715 (base 9) to base 4.
-222332101001
What is 3042077 (base 11) in base 9?
11103425
9060 (base 16) to base 12
19480
What is 9614 (base 13) in base 4?
11011010
What is 13003323 (base 4) in base 9?
43606
5361134 (base 8) to base 4
11132021130
112221323 (base 4) to base 14
25b63
What is 1010010010111000011111 (base 2) in base 15?
38498d
-37058 (base 14) to base 16
-20d86
What is 11101001111000101 (base 2) in base 7?
1006060
Convert 14b89 (base 12) to base 14.
a997
Convert 20322142 (base 5) to base 7.
1264245
a8a061 (base 12) to base 4
22030033021
-594532 (base 10) to base 6
-20424244
What is -902140 (base 13) in base 14?
-6316a0
What is 5edd7 (base 16) in base 2?
1011110110111010111
113432002 (base 5) to base 6
15210512
102210001011 (base 3) to base 15
48a6d
What is 1425725 (base 9) in base 15?
1078ce
Convert 1437a92 (base 13) to base 6.
345254220
Convert 207918 (base 13) to base 14.
15ab07
Convert 162a61 (base 12) to base 9.
635731
Convert 203666 (base 10) to base 7.
1505531
What is 141212 (base 5) in base 16?
16af
Convert 5927a (base 12) to base 14.
3183c
Convert 504212333 (base 6) to base 10.
8602113
What is -9644b (base 13) in base 16?
-4227a
-2b3945b (base 12) to base 10
-8787527
What is -63ca55 (base 14) in base 9?
-6316524
Convert 244823 (base 10) to base 9.
412745
-3754673 (base 10) to base 8
-16245261
Convert -c421 (base 14) to base 15.
-9ee6
Convert -217691 (base 15) to base 3.
-10000000020001
1941910 (base 10) to base 9
3578717
Convert -1231001103 (base 4) to base 13.
-12833a
What is -217917 (base 10) in base 16?
-3533d
-211210122100 (base 3) to base 8
-1554443
1c8158 (base 14) to base 9
1825541
What is -61316226 (base 7) in base 16?
-4e0831
64164 (base 11) to base 3
11202001211
111111100010110001 (base 2) to base 8
774261
What is -16328c (base 16) in base 15?
-1db072
What is -1801286 (base 9) in base 5?
-224123202
Convert 50a (base 12) to base 2.
1011011010
What is -1076111 (base 9) in base 4?
-2032003021
Convert 303333111 (base 4) to base 10.
212949
Convert -174229 (base 14) to base 4.
-3013233131
What is -33828 (base 14) in base 3?
-20100120202
Convert 1704246 (base 8) to base 7.
4124313
Convert -310110012203 (base 4) to base 12.
-47142ab
What is 23104521 (base 6) in base 12?
2a2141
What is -1299d (base 14) in base 7?
-250356
2101212210020 (base 3) to base 5
311331202
What is 3245334 (base 7) in base 8?
1411344
-79279 (base 12) to base 13
-58422
What is -3839774 (base 10) in base 15?
-50ca9e
-344440320 (base 5) to base 2
-101111101010101101000
Convert 4bb0d (base 15) to base 7.
2025604
Convert 9c3cd0 (base 14) to base 5.
2324442144
1203421114 (base 6) to base 12
468479a
What is -2123321232 (base 4) in base 15?
-c9319
Convert -15aa226 (base 11) to base 2.
-1010011100001010100110
Convert 2566323 (base 7) to base 11.
20a45a
Convert -30442003 (base 6) to base 15.
-124aa6
What is -2023 (base 4) in base 14?
-9d
What is 245034 (base 6) in base 12?
1077a
4431232343 (base 5) to base 14
13caa53
Convert -1020221010211020 (base 3) to base 11.
-a1a7025
18b9a2b (base 12) to base 9
10737818
Convert 206625 (base 8) to base 5.
4202023
Convert 34c70 (base 16) to base 10.
216176
Convert -1120112100 (base 3) to base 5.
-1443010
Convert 2a197 (base 16) to base 11.
108613
-134323431 (base 7) to base 16
-85b480
Convert 6608220 (base 9) to base 14.
6854c8
What is -44413444 (base 5) in base 6?
-12155104
248c014 (base 13) to base 1